uppose 67*f - 2432 = q*f. What is the hundreds digit of f?
3
Let p(i) be the first derivative of -255*i**2/2 + 159*i + 95. What is the hundreds digit of p(-4)?
1
Suppose 0 = 5*j + 2042 - 147. Let c = 936 - 362. Let b = c + j. What is the units digit of b?
5
Let i = 54 - 9. Suppose -6*t = -9 + i. What is the tens digit of (-367)/(-9) - t*(-1)/(-27)?
4
What is the tens digit of ((-470)/4)/(1185/(-5688))?
6
Let l(z) = 17*z + 1. Let r be l(8). Suppose 5*q + 15 = 0, 4*o - 3*q - q = -36. Let c = r + o. What is the units digit of c?
5
Suppose 24*i + 134995 = 6*k + 23*i, 45010 = 2*k + 2*i. What is the thousands digit of k?
2
Let o(j) = 15*j + 140. Suppose 5*p + 63 = 158. What is the units digit of o(p)?
5
Suppose -72*l = -60*l - 285576. What is the hundreds digit of l?
7
Suppose -5*x + 411 = -4*u - 527, 5*x - 3*u = 941. Suppose -5 = 5*o + x. What is the units digit of ((-104)/o)/((-4)/(-186))?
4
Suppose 10510 = s + 41*c - 46*c, c + 21056 = 2*s. What is the units digit of s?
0
Suppose 6*h - 13 = 9*h - 4*w, 18 = -2*h + 5*w. Suppose -2*v + 5 = j - h, 3 = v - 2*j. Suppose v*l + 5 = -4, 217 = 2*z - 5*l. What is the units digit of z?
1
Let m = 41845 + -27625. Suppose 58*o = 76*o - m. What is the hundreds digit of o?
7
Let u be 6/(-15)*-10*15/4. Let k be u - ((-6)/3 + 0) - -1. Let y = k - -10. What is the units digit of y?
8
Let m = -926 - -13670. What is the units digit of m?
4
Let z(o) = -201*o - 165. Let d be z(-25). Suppose -d = -7*f + 1489. What is the tens digit of f?
0
Suppose -4*j = -5*h + 54674 - 2014, 0 = 5*h - 5*j - 52660. What is the units digit of h?
2
Suppose 31*t - 39*t - 1176 = 0. Let a = t + 1324. What is the thousands digit of a?
1
Let a = -5380 - -8995. What is the thousands digit of a?
3
Let w(x) = 15*x**2 - 121*x - 155. What is the thousands digit of w(-7)?
1
Let v(i) = 55*i**3 - i**2 - 28*i + 99. What is the tens digit of v(9)?
6
Let k(o) = -o**3 - 23*o**2 - 76*o - 28. Let d be k(-19). Let a be -15*(1 - (-30)/(-9)). Let c = a - d. What is the units digit of c?
3
Suppose -25*k = 2*k - 547911 - 114669. What is the units digit of k?
0
Let j(w) = -4*w**3 + 25*w**2 - 9*w + 7. Let h be j(-9). Suppose 419 - h = -3*x + 2*t, 0 = 4*x + 2*t - 6170. What is the tens digit of x?
4
Let y = 45 + -53. Let a(t) = t**3 + 10*t**2 + 6*t - 24. What is the units digit of a(y)?
6
Suppose 9*j + 327 + 648 = 4539. What is the units digit of j?
6
Suppose -3*x = 2*x - 50. Let y = 140 + -138. Suppose y*w - x*w + 776 = 0. What is the tens digit of w?
9
Let z = 9926 + -5837. What is the thousands digit of z?
4
Let l(f) = f**2 - 7*f + 3. Let d be l(-6). Suppose 0 = -d*n + 88*n - 1911. What is the tens digit of n?
7
Let r = -8453 + 36653. What is the ten thousands digit of r?
2
Let n(z) = -6*z**2 + 2*z - 51. Let p be n(0). Let q = 221 + p. What is the tens digit of q?
7
Let v(r) = -r**2 - r - 45. Let u be v(0). Let i be 4/(-18) + (-10)/u. Suppose -2*b = i, 5*x + 2*b - 874 = -94. What is the units digit of x?
6
Suppose -p + 3*p = 4*b + 11654, -9 = 3*b. What is the tens digit of p?
2
Let z = -9395 - -13238. What is the tens digit of z?
4
Let y be 5535/(-20) - (5/(-4))/(-5). Let g = 105 - y. What is the tens digit of g?
8
Suppose 7*y - 53623 = -4*p + 2*y, 3*p - 40221 = -3*y. What is the hundreds digit of p?
4
Let r(l) be the first derivative of 3*l**2 - 56*l - 62. What is the units digit of r(25)?
4
Let t be 10 + -5 + 3 + 48. What is the hundreds digit of 543*(t/(-12))/(-2)?
2
Suppose 31 = l + 4*n, l + 0*n = 2*n + 7. Let a be ((100/l)/10)/(1/6). What is the units digit of (a + -6*2/4)*9?
9
Let t(b) = 2*b**2 - 16*b + 150. Let v be t(11). What is the units digit of 16/v + 164418/162?
5
Let l(h) = -23*h - 10 - 3 + 21*h. Let k be l(-8). Suppose 684 = 3*f - 3*n, k*n - 1219 + 71 = -5*f. What is the units digit of f?
9
Let k = 8737 - -547. What is the thousands digit of k?
9
Let s = 143719 - 96907. What is the ten thousands digit of s?
4
Let m(r) = 95*r**2 - 3*r - 69. What is the tens digit of m(7)?
6
Let b(v) = 20*v**2 - 167*v - 21. What is the thousands digit of b(-15)?
6
Let m = -3634 + 28689. What is the thousands digit of m?
5
Let l = 1202 - 694. Suppose c + l = 4*v + v, 0 = -v + c + 104. Suppose 194 = 2*u - 2*f, 2*u + f - v = u. What is the tens digit of u?
9
Let k(d) = d**2 - 9*d - 3. Suppose 0 = 5*b + 4*z - 7*z - 61, -5*b + 58 = -4*z. What is the tens digit of k(b)?
6
Suppose 4*c + 6 = -4*p - 6, -p + 5*c + 27 = 0. Let q be (-5*(p + 52/(-20)))/(-1). What is the tens digit of 22 + 4/3*q?
1
Let i(z) = 4*z**2 - 19*z - 5. Let k be i(5). Suppose k = 22*g - 25*g + 18. Suppose g*o - 2*o - 2*n = 404, 504 = 5*o - 2*n. What is the units digit of o?
0
Let i be ((-72)/(-20))/2 + 1/5. Let h be (4 - i) + -2 + -438. What is the tens digit of ((-6)/(-4))/((-3)/h)?
1
What is the units digit of (-1)/2*-4106*28/1092*39?
3
Let x = -39 + 43. Let z be (-8)/28 + x - (-4)/14. Suppose -z*q + 669 = 213. What is the tens digit of q?
1
Let o(j) = 3*j**3 + 148*j**2 + 48*j - 46. Let x be o(-49). Let a = 720 - x. What is the hundreds digit of a?
7
Suppose 35*k - 5*f = 40*k - 22500, 4*k = -2*f + 18002. What is the hundreds digit of k?
5
Suppose j = -6*f + f + 26524, -5*f = -4*j - 26504. What is the tens digit of f?
0
Suppose -56*k + 61613 = -86843. What is the tens digit of k?
5
Let t(j) = 11*j**3 + 4*j**2 + 84*j - 477. What is the thousands digit of t(6)?
2
Let z(c) = -8*c + 10. Let i(k) = -22*k + 30. Let o(p) = -3*i(p) + 8*z(p). Let y = 10 + -4. What is the units digit of o(y)?
2
What is the hundreds digit of (-18)/((450/(-19818))/25)?
8
Let j(y) be the first derivative of -3*y**3 + 15 - 4*y**2 + 1/4*y**4 - 7*y. What is the units digit of j(10)?
3
Let y(o) = -o**3 - 7*o**2 + 10. Let i be y(-7). Let k = -7 + i. Suppose 0 = -k*j + 2*j + 126. What is the tens digit of j?
2
Let o = -884 - -881. Let i(a) be the first derivative of -23*a**2/2 + 17*a + 2. What is the units digit of i(o)?
6
Suppose -2*x + 10*x - 112 = 0. Suppose -2*t - x*t = -6720. What is the hundreds digit of t?
4
Let v = -374 + -1114. What is the units digit of 4/14*14 + v/(-2)?
8
Suppose -3*o - 1949 = 352. Let f = o - -1095. What is the hundreds digit of f?
3
Suppose 2*w - 2*t - 26 = 0, 5*w - 3*t = -0*t + 61. Suppose i + 17 = -5*y, -5*i - y = -w - 0. What is the units digit of ((-51)/(-15) - i)/(5/625)?
0
Suppose 3*g + 88 = -2*r, -3*g - r + 138 = -8*g. Let m = -20 - g. Suppose -m = d - 74. What is the tens digit of d?
6
Let l(w) = -303*w - 67. Let g be l(-5). What is the hundreds digit of g/6 + (-2)/6?
2
Let p(s) = 25*s**3 - s**2 + 4*s - 3. Let z be p(1). Let i = z - 25. Suppose i*y - 5*b - 829 = -3*y, 5*y + 2*b - 1330 = 0. What is the hundreds digit of y?
2
Suppose 5080 = -4*p + 9*p. Suppose 4*i - m - 2002 = -3*m, -4*m + p = 2*i. What is the tens digit of i?
9
Suppose -3*z + 20 = 2*l - 5*z, -l - 10 = -5*z. Suppose 270 = 18*f - l*f. Let k = -59 + f. What is the tens digit of k?
3
Let l be (1122 - -1)/(0 + (-2)/(-2)). Let b = -771 + l. What is the units digit of b?
2
Let h(c) = -1 + 22*c**3 - 179*c**2 - c**3 + 3 + 177*c**2. Suppose 5*w + 4*f = 14, -2*w + 0*w + 3*f = -1. What is the units digit of h(w)?
2
Let w(v) = v**2 + 16*v + 20. Let s be w(-15). Suppose 0 = l + s*y - 591, 0 = -4*l + y - 6*y + 2409. What is the hundreds digit of l?
6
Let a = 43 - 40. Let h(l) = -a*l**2 + 2*l**2 - 97 + 3*l - 109*l**3 + 99 + 0*l. What is the tens digit of h(-1)?
0
Suppose -20*x = -11*x - 1053. Let a = 488 - x. What is the units digit of a?
1
Let o be 272/(-4)*(-12)/(-8). What is the hundreds digit of (3 - o/(-30))*7145/(-2)?
4
Let v(p) = 31*p**3 - 10 - 10*p + 31*p**3 - 92*p**3 - 9*p**2 + 29*p**3. Let x be v(-8). What is the units digit of 10 - x - (-1 - 71)?
6
Let i = 4276 + 3604. What is the units digit of i?
0
Let p = -5338 - -9153. What is the units digit of p?
5
Suppose -3*b - 1 = -13. Suppose 0 = -0*f + b*f + 5*y - 77, -5*f + 3*y = -50. Suppose i - f - 41 = 0. What is the units digit of i?
4
Let n be 3 + (-7)/((-49)/28). Suppose 2955 = -n*t + 12*t. What is the hundreds digit of t?
5
Let b = -1949 - -4825. Let k = -2035 + b. What is the hundreds digit of k?
8
Let f(m) = -m**3 + 11*m**2 - 16*m - 15. Let j be f(9). Let p be j - (-2)/((-4)/(-10)). Let r = p + 39. What is the tens digit of r?
4
Suppose 22 + 13 = -7*k. Let d(m) = m**3 + 6*m**2 + 2*m -